{"id":41,"date":"2023-04-02T19:56:00","date_gmt":"2023-04-02T19:56:00","guid":{"rendered":"https:\/\/frosep.org.py\/?page_id=41"},"modified":"2023-08-31T14:51:18","modified_gmt":"2023-08-31T18:51:18","slug":"tienda","status":"publish","type":"page","link":"https:\/\/frosep.org.py\/?page_id=41","title":{"rendered":"C\u00f3mo ayudar."},"content":{"rendered":"\n<p>Si quiere sumarse apoyando econ\u00f3micamente a la Frosep, puede hacerlo a trav\u00e9s de donaciones v\u00eda d\u00e9bito autom\u00e1tico.<\/p>\n\n\n\n<p>A fin de realizar los tr\u00e1mites y autorizar el d\u00e9bito de su cuenta, puede hacerlo de la siguiente manera:<\/p>\n\n\n\n<ul class=\"wp-block-list\">\n<li>Imprimir el formulario de Donaci\u00f3n Adjunto.<\/li>\n\n\n\n<li>Tras la impresi\u00f3n, llenar los espacios con puntos.<\/li>\n\n\n\n<li>Firmar.<\/li>\n\n\n\n<li>Escanear o tomar una foto del formulario llenado y firmado previamente.<\/li>\n\n\n\n<li>Remitir el formulario escaneado o fotografiado v\u00eda:\n<ul class=\"wp-block-list\">\n<li><a href=\"https:\/\/frosep.org.py\/?page_id=159\">Adjuntar Autorizaci\u00f3n \u2013 Frosep<\/a><\/li>\n\n\n\n<li>Adjuntarlo v\u00eda <a href=\"https:\/\/wa.me\/595981574711\" data-type=\"link\" data-id=\"https:\/\/wa.me\/595982574711\">Whatsapp<\/a><br><\/li>\n<\/ul>\n<\/li>\n<\/ul>\n\n\n\n<p>Con su autorizaci\u00f3n nos pondremos en contacto con la firma procesadora de su tarjeta de cr\u00e9dito para proceder a acuerdo a sus instrucciones de d\u00e9bito en concepto de su donaci\u00f3n.<br><\/p>\n\n\n\n<p>Agradecidos y que Dios les bendiga en abundancia<\/p>\n\n\n\n<div data-wp-interactive=\"core\/file\" class=\"wp-block-file\"><object data-wp-bind--hidden=\"!state.hasPdfPreview\" hidden class=\"wp-block-file__embed\" data=\"https:\/\/frosep.org.py\/wp-content\/uploads\/2023\/08\/NOTA-AUTORIZACION-DEBITO-TARJETAS-1.pdf\" type=\"application\/pdf\" style=\"width:100%;height:600px\" aria-label=\"Incrustado de NOTA-AUTORIZACION-DEBITO-TARJETAS-1.\"><\/object><a id=\"wp-block-file--media-1c226707-50b2-4473-bacd-98bd0a490744\" href=\"https:\/\/frosep.org.py\/wp-content\/uploads\/2023\/08\/NOTA-AUTORIZACION-DEBITO-TARJETAS-1.pdf\">NOTA-AUTORIZACION-DEBITO-TARJETAS-1<\/a><a href=\"https:\/\/frosep.org.py\/wp-content\/uploads\/2023\/08\/NOTA-AUTORIZACION-DEBITO-TARJETAS-1.pdf\" class=\"wp-block-file__button wp-element-button\" download aria-describedby=\"wp-block-file--media-1c226707-50b2-4473-bacd-98bd0a490744\">Descarga<\/a><\/div>\n\n\n\n\n","protected":false},"excerpt":{"rendered":"<p>Si quiere sumarse apoyando econ\u00f3micamente a la Frosep, puede hacerlo a trav\u00e9s de donaciones v\u00eda d\u00e9bito autom\u00e1tico. A fin de &hellip; <a href=\"https:\/\/frosep.org.py\/?page_id=41\" class=\"more-link\"><span class=\"more-button\">Enterarse m\u00e1s&#8230;<span class=\"screen-reader-text\">C\u00f3mo ayudar.<\/span><\/span><\/a><\/p>\n","protected":false},"author":1,"featured_media":0,"parent":0,"menu_order":0,"comment_status":"closed","ping_status":"closed","template":"","meta":{"ngg_post_thumbnail":0,"footnotes":""},"class_list":["post-41","page","type-page","status-publish","hentry"],"_links":{"self":[{"href":"https:\/\/frosep.org.py\/index.php?rest_route=\/wp\/v2\/pages\/41","targetHints":{"allow":["GET"]}}],"collection":[{"href":"https:\/\/frosep.org.py\/index.php?rest_route=\/wp\/v2\/pages"}],"about":[{"href":"https:\/\/frosep.org.py\/index.php?rest_route=\/wp\/v2\/types\/page"}],"author":[{"embeddable":true,"href":"https:\/\/frosep.org.py\/index.php?rest_route=\/wp\/v2\/users\/1"}],"replies":[{"embeddable":true,"href":"https:\/\/frosep.org.py\/index.php?rest_route=%2Fwp%2Fv2%2Fcomments&post=41"}],"version-history":[{"count":15,"href":"https:\/\/frosep.org.py\/index.php?rest_route=\/wp\/v2\/pages\/41\/revisions"}],"predecessor-version":[{"id":241,"href":"https:\/\/frosep.org.py\/index.php?rest_route=\/wp\/v2\/pages\/41\/revisions\/241"}],"wp:attachment":[{"href":"https:\/\/frosep.org.py\/index.php?rest_route=%2Fwp%2Fv2%2Fmedia&parent=41"}],"curies":[{"name":"wp","href":"https:\/\/api.w.org\/{rel}","templated":true}]}}